{"id":492,"date":"2025-07-07T14:23:34","date_gmt":"2025-07-07T12:23:34","guid":{"rendered":"https:\/\/schuetzenverein-ruetenbrock.de\/?page_id=492"},"modified":"2025-07-07T14:23:34","modified_gmt":"2025-07-07T12:23:34","slug":"kontakt","status":"publish","type":"page","link":"https:\/\/schuetzenverein-ruetenbrock.de\/?page_id=492","title":{"rendered":"Kontakt"},"content":{"rendered":"\n<p>B\u00fcrgersch\u00fctzenverein R\u00fctenbrock e,. V.<br>1, Vorsitzender<br>Frank Roesler<br>Bollskamp 4<br>49733 Haren &#8211; R\u00fctenbrock<br>Telefon:+49(0)1607256046<br>E-Mail: info@schuetzenverein-ruetenbrock.de<\/p>\n","protected":false},"excerpt":{"rendered":"<p>B\u00fcrgersch\u00fctzenverein R\u00fctenbrock e,. V.1, VorsitzenderFrank RoeslerBollskamp 449733 Haren &#8211; R\u00fctenbrockTelefon:+49(0)1607256046E-Mail: info@schuetzenverein-ruetenbrock.de<\/p>\n","protected":false},"author":1,"featured_media":0,"parent":0,"menu_order":0,"comment_status":"closed","ping_status":"closed","template":"","meta":{"footnotes":""},"class_list":["post-492","page","type-page","status-publish","hentry"],"_links":{"self":[{"href":"https:\/\/schuetzenverein-ruetenbrock.de\/index.php?rest_route=\/wp\/v2\/pages\/492","targetHints":{"allow":["GET"]}}],"collection":[{"href":"https:\/\/schuetzenverein-ruetenbrock.de\/index.php?rest_route=\/wp\/v2\/pages"}],"about":[{"href":"https:\/\/schuetzenverein-ruetenbrock.de\/index.php?rest_route=\/wp\/v2\/types\/page"}],"author":[{"embeddable":true,"href":"https:\/\/schuetzenverein-ruetenbrock.de\/index.php?rest_route=\/wp\/v2\/users\/1"}],"replies":[{"embeddable":true,"href":"https:\/\/schuetzenverein-ruetenbrock.de\/index.php?rest_route=%2Fwp%2Fv2%2Fcomments&post=492"}],"version-history":[{"count":1,"href":"https:\/\/schuetzenverein-ruetenbrock.de\/index.php?rest_route=\/wp\/v2\/pages\/492\/revisions"}],"predecessor-version":[{"id":493,"href":"https:\/\/schuetzenverein-ruetenbrock.de\/index.php?rest_route=\/wp\/v2\/pages\/492\/revisions\/493"}],"wp:attachment":[{"href":"https:\/\/schuetzenverein-ruetenbrock.de\/index.php?rest_route=%2Fwp%2Fv2%2Fmedia&parent=492"}],"curies":[{"name":"wp","href":"https:\/\/api.w.org\/{rel}","templated":true}]}}